hat is the units digit of l?
2
Let x be 0/(-4) + 1 + 23. Let v = 33 - x. What is the units digit of v?
9
What is the tens digit of ((-8)/10)/((-1)/50)?
4
Suppose -4*h - 3*w = -2*h - 145, h + 3*w = 74. What is the units digit of h?
1
Suppose 0 = -5*z - x - 10, z = 4*z - 4*x - 17. Let y(w) = -23*w**3 - w**2 - w. What is the units digit of y(z)?
3
Suppose j = 4*a - 145, 59 = 3*a - 5*j - 54. What is the units digit of a?
6
Let x(w) = 2*w**2 - 2. Let o be x(-2). Suppose -v = 5*b + 3 + 15, -4*v + 24 = -4*b. Let m = o + b. What is the units digit of m?
2
Let c(w) = 3 - 4*w + 4*w**2 + w**3 - 4*w**3 + 2*w**3. Let t be c(2). Suppose 25 = 5*d + t*p, -5*d - p = -10*d + 45. What is the units digit of d?
8
Let a(o) = 2*o. Let d(y) = -y**2 - 3*y + 3. Let h be d(-3). What is the units digit of a(h)?
6
Suppose -8*k + 1087 = -833. What is the units digit of k?
0
Let j = 14 - 10. Suppose j*d - 24 - 64 = 0. What is the tens digit of d?
2
Let h(j) = 26*j - 7. What is the tens digit of h(12)?
0
Let k(m) = -153*m - 25. What is the hundreds digit of k(-3)?
4
Suppose 3 + 1 = 2*g. Suppose 3*z - 100 = -g*z. What is the units digit of z/8 - (-2)/4?
3
Let k(p) = -p + 5 + 9 + 9*p**2 + 3*p**3 - 3 - 4*p**3. What is the units digit of k(9)?
2
Let r be ((-6)/5)/(4/(-10)). Let p be r/(6/16) - 3. Suppose -100 + 40 = -p*c. What is the units digit of c?
2
Let u(x) = -x + 3 + 1 - 1. Let v be u(-5). Let s = 13 - v. What is the units digit of s?
5
Suppose a - 8 = -3*i, -i + 0*a + 8 = -a. Suppose -4*d - r + 33 = 0, -5*r + 24 + 29 = i*d. Let h(x) = -x + 15. What is the units digit of h(d)?
8
Suppose 4*c = -1 - 3. Suppose 0 = 2*f - 3 - 15. Let o = f + c. What is the units digit of o?
8
Suppose 0*t = 5*t - 580. What is the units digit of t/14 - (-2)/(-7)?
8
Suppose t - 116 = -n, -n + 91 = -4*t - 0*t. What is the units digit of n?
1
What is the units digit of ((-6)/(4 - 3))/((-2)/51)?
3
Suppose 3*y = 5 + 4. Let c be -3*(y - (-14)/(-6)). What is the tens digit of (-3 - c)*-2*7?
1
Let f(j) = -j + 8. Let p be f(0). Suppose p = 3*y - 13. What is the units digit of y?
7
Let p = -19 + 44. What is the units digit of p?
5
Let j = 4 - 0. Suppose 3*z = o - 41 + 12, j*o - 52 = -4*z. Suppose -2*f + o = 3*s + 2*s, -5*f - 2*s = -32. What is the units digit of f?
6
Suppose a - 23 = 24. What is the tens digit of a?
4
Let v be -1*6*6/(-9). Let c = 5 - 3. Let z = v + c. What is the units digit of z?
6
Suppose 22 + 163 = r. What is the tens digit of r?
8
Let f = -2 - -3. Let g(s) = 2 - s**3 - 1 + f - 3*s**2. What is the units digit of g(-3)?
2
Let u = -414 - -234. What is the tens digit of ((-4)/10)/(6/u)?
1
Suppose -2*c + 178 = -2. What is the tens digit of c?
9
Suppose 4*y = -3*l + 32, l = -3*y + 16 + 8. What is the tens digit of ((-10)/y)/((-6)/72)?
1
Suppose -4*o + 4*a = -14 - 66, 5*o = a + 104. What is the tens digit of o?
2
Let t(a) = -a**3 + 13*a**2 + 7*a - 12. What is the hundreds digit of t(6)?
2
What is the units digit of (1 + 4/(-8))*4?
2
Suppose -m + 40 = -0*a - a, 0 = -m + 4*a + 25. What is the units digit of m?
5
Let m(r) be the first derivative of r**5/60 - r**4/6 - r**3/3 + 1. Let q(v) be the third derivative of m(v). What is the units digit of q(6)?
8
Let t be -6 + 4 - 2*-1. Suppose t = -3*q - 2*q. Suppose q = 4*z + 2*b - 46, b - 47 = -4*z - 0*b. What is the tens digit of z?
1
Let d(q) = q**2 - 1. Let k(m) = -4*m**2 + 6*m + 4. Let z(w) = 3*d(w) + k(w). What is the tens digit of z(3)?
1
Suppose 3*t + 65 = 4*t. What is the units digit of t?
5
Let g(u) = -2*u**2 - 14*u + 9. What is the units digit of g(-7)?
9
Let c(g) = -g + 12. Let b be c(9). Suppose -b*s - 5*q = -3, -3*q = -2*s + 35 - 14. What is the units digit of s?
6
Let i(l) = 21*l**2 - l. Let u be i(1). Let a = u + 22. What is the units digit of a?
2
Let c be (6/(-2) - -1) + 2. Suppose -2*z = 4*q - 20, -10 = 5*q - c. Suppose r = -r + z. What is the units digit of r?
7
Let b = -5 - -24. Suppose -3*n - 1 = -b. What is the units digit of n?
6
Suppose -2*n + 4 = 6. What is the units digit of 3 + n + 38/1?
0
Suppose -2*o = -3*o + 94. Suppose 4*b + 2*y = o, -42 = -b - b - 2*y. What is the tens digit of b?
2
Let l(b) = b**3 - 6*b**2 + 8*b - 2. What is the tens digit of l(6)?
4
Suppose -5*m + 10 = -0*m. Let n be (-1)/((-1)/(3 - m)). What is the units digit of (4 - 0)*n/1?
4
Suppose -13 = -t + 2*b + 5, -4*t + b + 100 = 0. What is the tens digit of t?
2
Suppose -c + 2 = 4*y + 1, -4*c + 3*y = -80. Suppose 0 = 4*m - c - 59. What is the units digit of m?
9
Let m(b) = 10*b + 2. What is the tens digit of m(1)?
1
Let b be 12/20 - 1228/(-20). Suppose 8*i - 6*i - b = 0. What is the units digit of i?
1
Suppose 0 = 3*u - 6. Suppose -u*r + 16 = 2*m, 4*m + 3*r - 11 = 17. Suppose -g + m*g - 30 = 0. What is the units digit of g?
0
Suppose -193 = 5*l - 2*m, 3*l - 4*m + 0*m + 127 = 0. Let t be (-1 - (l + -2)) + 0. Suppose -t + 133 = 5*o. What is the tens digit of o?
1
Suppose -18*r + 160 = -22*r. Suppose -3*f = f + 100. Let a = f - r. What is the tens digit of a?
1
Suppose -2*h = -0*p - 4*p - 84, 3*h = 2*p + 142. What is the tens digit of h?
5
Let f = 12 + -19. What is the units digit of (-155)/(-35) + (-4)/f?
5
Suppose -m - 8 = 5*d, d - 5*m + 3*m + 6 = 0. Let y(g) be the first derivative of -g**4/4 + 2*g**3/3 + g**2 + 3*g + 2. What is the tens digit of y(d)?
1
Let j = -7 - -6. Let k be 1/((-1)/2)*j. Suppose -4*y - 1 + 51 = g, 4*y + k*g = 48. What is the units digit of y?
3
Let n(m) = -m**2 - 13*m + 7. What is the units digit of n(-8)?
7
Suppose b + u = 69, u + 341 = 5*b + 4*u. What is the units digit of b?
7
Suppose 5*b + 25 = 0, 3*b = -r + 3*r - 3. What is the units digit of 18*r/(-9)*2?
4
Let f = 13 + -2. What is the tens digit of f?
1
Suppose 3*d + 2*y - 105 = 0, 33 - 6 = d - 2*y. What is the tens digit of d?
3
Suppose 48 = 3*w - 90. Let d = w - 7. What is the tens digit of d?
3
Let x = -29 + 131. What is the tens digit of x?
0
Let y be (2 - (0 + 1)) + -1. Suppose n - 2*d + 4 = y, 5*d - 37 = -0*n - 2*n. Let g = 0 + n. What is the units digit of g?
6
Suppose -4*m - 1 - 3 = 0. Let t(d) = -d - 1. Let y be t(m). Suppose 1 + y = v. What is the units digit of v?
1
Suppose 3*a = 1 + 11. What is the units digit of a?
4
Suppose 2*o + 3*l = o + 22, -4*o - l + 88 = 0. What is the tens digit of o?
2
Suppose 2*p + 10 = 0, 3*p + 57 = 2*n - n. What is the units digit of 10/4*n/15?
7
Let i = 11 + 22. What is the units digit of i?
3
Suppose -4 - 2 = 2*w. What is the units digit of (-2 - -16) + 3 - w?
0
Suppose -4*u - 8 = -0*u. Let d be 1 + u - (-3 - 2). Suppose -33 = -d*h + 19. What is the units digit of h?
3
Suppose -p + 2*p + 112 = 5*d, 28 = d - 3*p. What is the tens digit of d?
2
Suppose -2*o + 7 + 37 = -4*d, -5*d - 25 = -o. What is the units digit of o?
0
Let c(o) = o**2 + 3*o. What is the tens digit of c(-7)?
2
Let w = 0 + -1. Let f = w - -3. Suppose -f*o + 34 = 4*b - 12, -2*b = -3*o - 3. What is the units digit of b?
9
Let m = 19 + -19. Suppose 3*l + 0*l - 84 = m. What is the units digit of l?
8
Suppose -f - 5*s + 17 = -0*s, -2*s - 34 = -3*f. What is the units digit of f?
2
Suppose -2*s = 3*z - 6, 0*s - 5*z = -3*s + 9. Suppose s*w - 51 = -2*i, -i = w + i - 21. What is the tens digit of w?
1
Suppose 0 = -4*p + 5*v + 215, -v - 9 = 2*v. What is the tens digit of p?
5
Suppose 2*y + 42 = 5*g - 0*y, 0 = 3*y + 3. Suppose 5*m = g + 67. What is the tens digit of m?
1
Let q(g) = 79*g - 1. What is the tens digit of q(1)?
7
Let i(x) = 5*x + 9. What is the tens digit of i(9)?
5
Let q(p) = p**2 + 2*p + 24. What is the hundreds digit of q(-10)?
1
Let a(w) = w - 4. Let r be a(11). Let f = r + 14. What is the tens digit of f?
2
Let j = 36 + -21. Let f be 4/8*(-1 + j). Let v(w) = w**2 - 7*w + 1. What is the units digit of v(f)?
1
Let d(k) = k**3 + 1. Let i be d(-2). Let n be (-2 - (1 + i)) + -3. What is the units digit of ((-8)/n)/((-2)/3)?
2
Suppose 2*g - 2 = 2*k, -4 = -3*g + 5*k + 1. Let s(u) = -u**2 - u + 26. What is the units digit of s(g)?
6
Let t = -10 - -6. Let h = 24 + t. What is the tens digit of h?
2
Let d(q) = 4*q**2. Let x be d(1). Let o be (10/3)/(x/6). Suppose 0*n + o*n + 5 = 0, -52 = -3*h - 2*n. What is the units digit of h?
8
Let f = 204 - 114. What is the units digit of f?
0
Let r = -1 - -16. Suppose -4*w + 6 = -10. Suppose r = y - w. What is the units digit of y?
